visor of 12 and 30283276.
4
What is the greatest common divisor of 73435900 and 52700?
3100
Calculate the greatest common divisor of 416 and 205452728.
104
What is the highest common divisor of 1082238 and 30?
6
What is the greatest common divisor of 776600 and 1029160?
440
Calculate the highest common factor of 3212262 and 3807.
423
What is the greatest common divisor of 360963 and 12789?
261
What is the greatest common factor of 156319835 and 3010?
1505
What is the greatest common factor of 11686769 and 2?
1
Calculate the highest common divisor of 8277 and 2475.
3
What is the highest common divisor of 3466982 and 18760?
134
What is the greatest common divisor of 41888 and 1813?
7
Calculate the highest common divisor of 4146300 and 2975.
425
Calculate the greatest common factor of 11618 and 18576331.
37
What is the greatest common factor of 462426 and 13986?
222
Calculate the greatest common factor of 1614 and 7234.
2
What is the greatest common divisor of 1391073750 and 1485?
1485
What is the highest common divisor of 46 and 77902150?
46
What is the greatest common factor of 792 and 3401827?
11
Calculate the highest common divisor of 2265209 and 24641.
41
Calculate the highest common factor of 8 and 393077124.
4
What is the greatest common divisor of 2917308 and 156?
12
Calculate the greatest common divisor of 45675 and 2483705.
1015
What is the greatest common divisor of 952 and 23503656?
136
What is the greatest common factor of 881794 and 149880?
2498
What is the greatest common divisor of 6456 and 8228172?
3228
What is the greatest common divisor of 318 and 5288196?
6
Calculate the highest common divisor of 7955 and 90036281.
1591
What is the highest common divisor of 388215985 and 12001?
1091
Calculate the highest common factor of 66 and 162617576.
22
Calculate the highest common factor of 20066530 and 44.
22
What is the highest common factor of 1805110 and 70?
10
Calculate the greatest common divisor of 50011844 and 92.
92
Calculate the highest common divisor of 355335 and 2640.
15
What is the highest common divisor of 13869030 and 840?
210
Calculate the highest common factor of 6 and 178657374.
6
What is the greatest common divisor of 2891 and 291620?
7
What is the highest common divisor of 8952582 and 81?
3
Calculate the greatest common factor of 451191600 and 600.
600
Calculate the greatest common divisor of 5224763 and 527.
17
What is the greatest common factor of 18771432 and 111?
111
What is the highest common divisor of 153578471 and 53?
53
Calculate the greatest common divisor of 44226900 and 2880.
180
Calculate the greatest common factor of 882 and 8409954.
42
Calculate the highest common factor of 192565 and 165680.
95
What is the greatest common divisor of 1525972250 and 1375?
1375
What is the highest common divisor of 853046737 and 1303?
1303
Calculate the greatest common divisor of 471875 and 16459.
151
What is the greatest common factor of 87 and 201315390?
87
Calculate the greatest common divisor of 49802277 and 3381.
147
Calculate the highest common factor of 469154 and 47.
47
Calculate the highest common divisor of 27236 and 350636.
44
Calculate the greatest common factor of 37700 and 3840876.
1508
Calculate the highest common factor of 39 and 32611410.
39
What is the greatest common divisor of 228 and 4802212?
76
What is the greatest common divisor of 332 and 134048818?
166
Calculate the greatest common divisor of 129 and 21974763.
129
Calculate the highest common divisor of 3081 and 1227107.
79
Calculate the greatest common divisor of 59623585 and 51296.
1603
Calculate the greatest common factor of 3464136 and 828.
36
What is the highest common factor of 1192 and 326242652?
596
Calculate the highest common divisor of 6251698 and 6.
2
What is the greatest common factor of 2925 and 1620125?
325
What is the highest common factor of 52453160 and 1360?
680
What is the highest common divisor of 181720386 and 18?
18
Calculate the highest common factor of 1235 and 1653340.
65
Calculate the greatest common divisor of 3510 and 508680.
270
What is the highest common factor of 2618340 and 570?
30
Calculate the greatest common divisor of 18963 and 6810727.
301
Calculate the highest common factor of 6799 and 590057.
13
What is the highest common factor of 7724961 and 2364?
591
Calculate the greatest common divisor of 18 and 133341669.
9
What is the highest common factor of 23012 and 52291632?
2092
Calculate the greatest common factor of 167337 and 141957.
9
Calculate the greatest common factor of 25147038 and 126.
42
Calculate the greatest common divisor of 4128 and 3004539.
129
What is the highest common factor of 5055 and 65991340?
1685
What is the greatest common factor of 3099 and 221285128?
1033
What is the highest common divisor of 288 and 12306366?
18
What is the greatest common factor of 869 and 183689?
11
What is the highest common factor of 16855820 and 660?
20
Calculate the highest common divisor of 473593486 and 15695.
3139
What is the greatest common divisor of 23002 and 189210?
742
What is the highest common divisor of 54 and 47861784?
18
Calculate the greatest common factor of 227467800 and 25.
25
What is the greatest common factor of 8019 and 1648350?
891
What is the highest common divisor of 3269 and 222576403?
3269
Calculate the highest common factor of 12285858 and 182.
26
Calculate the highest common divisor of 19446 and 15050.
14
Calculate the greatest common factor of 159 and 99108251.
53
Calculate the greatest common factor of 141961765 and 770.
55
What is the greatest common factor of 63744 and 611136?
192
What is the greatest common factor of 19097340 and 60?
60
What is the greatest common divisor of 344465069 and 1534?
767
What is the highest common factor of 95872106 and 418?
22
What is the highest common factor of 295 and 13495635?
5
What is the greatest common divisor of 1766711 and 4689?
521
Calculate the highest common factor of 18525057 and 1197.
57
What is the greatest common divisor of 3572 and 717690?
94
Calculate the highest common factor of 740570399 and 23.
23
Calculate the greatest common divisor of 16761714 and 508.
254
What is the greatest common factor of 1700222 and 12112?
1514
Calculate the greatest common divisor of 1976095 and 123690.
2945
Calculate the highest common divisor of 23320 and 10911640.
2120
Calculate the highest common factor of 614644 and 15466.
74
What is the highest common divisor of 3403365 and 165?
15
What is the highest common divisor of 52415 and 564080?
55
Calculate the greatest common divisor of 600 and 2568576.
24
Calculate the greatest common divisor of 477315840 and 1152.
384
Calculate the highest common divisor of 228102 and 2814.
42
Calculate the greatest common divisor of 11816 and 86156.
28
What is the highest common factor of 13178 and 1648?
2
What is the greatest common factor of 101270000 and 246?
82
Calculate the highest common divisor of 1720599 and 24.
3
Calculate the greatest common factor of 1774137 and 1313607.
2193
What is the highest common divisor of 792467 and 23218?
611
Calculate the greatest common factor of 4631388 and 1908103.
3607
What is the highest common divisor of 1584292 and 17516?
604
Calculate the greatest common factor of 638625 and 11790.
1965
What is the greatest common factor of 994 and 155987?
71
What is the greatest common divisor of 57707068 and 4?
4
Calculate the highest common divisor of 34596 and 954.
18
Calculate the highest common factor of 363210601 and 2821.
403
What is the highest common divisor of 85173901 and 838?
419
What is the highest common factor of 16163 and 105539?
7
Calculate the highest common divisor of 5984 and 5324264.
1496
What is the greatest common factor of 44344 and 3445336?
1928
Calculate the highest common factor of 165 and 50207289.
33
What is the highest common factor of 16 and 36667592?
8
Calculate the greatest common divisor of 70 and 2751740.
10
Calculate the highest common factor of 1627674 and 6.
6
What is the greatest common factor of 8744813 and 2387?
77
Calculate the highest common factor of 202143 and 1161.
129
Calculate the greatest common factor of 927 and 1608654.
309
Calculate the greatest common factor of 12460 and 125126435.
3115
What is the highest common factor of 64308 and